{"id":314,"date":"2017-01-24T14:42:49","date_gmt":"2017-01-24T14:42:49","guid":{"rendered":"http:\/\/gomeral.org.br\/?page_id=314"},"modified":"2017-01-24T17:02:56","modified_gmt":"2017-01-24T17:02:56","slug":"documentos-submetidos-ao-conapam","status":"publish","type":"page","link":"https:\/\/gomeral.org.br\/?page_id=314","title":{"rendered":"Documentos submetidos ao CONAPAM"},"content":{"rendered":"<p>Segue lista de documentos submetidos ao Conselho da APA da Serra da Mantiqueira:<\/p>\n<p>2016<\/p>\n<p><a href=\"http:\/\/gomeral.org.br\/wp-content\/uploads\/2017\/01\/Boas-pr\u00e1ticas-e-degrada\u00e7\u00f5es-na-Bacia-do-Ribeir\u00e3o-Guaratinguet\u00e1-2016_03_08.pdf\">Boas pr\u00e1ticas e degrada\u00e7\u00f5es na Bacia do Ribeir\u00e3o Guaratinguet\u00e1 &#8211; 2016_03_08<\/a><\/p>\n<p>2017<\/p>\n","protected":false},"excerpt":{"rendered":"<p>Segue lista de documentos submetidos ao Conselho da APA da Serra da Mantiqueira: 2016 Boas pr\u00e1ticas e degrada\u00e7\u00f5es na Bacia do Ribeir\u00e3o Guaratinguet\u00e1 &#8211; 2016_03_08 2017<\/p>\n","protected":false},"author":1,"featured_media":0,"parent":36,"menu_order":0,"comment_status":"open","ping_status":"open","template":"","meta":[],"_links":{"self":[{"href":"https:\/\/gomeral.org.br\/index.php?rest_route=\/wp\/v2\/pages\/314"}],"collection":[{"href":"https:\/\/gomeral.org.br\/index.php?rest_route=\/wp\/v2\/pages"}],"about":[{"href":"https:\/\/gomeral.org.br\/index.php?rest_route=\/wp\/v2\/types\/page"}],"author":[{"embeddable":true,"href":"https:\/\/gomeral.org.br\/index.php?rest_route=\/wp\/v2\/users\/1"}],"replies":[{"embeddable":true,"href":"https:\/\/gomeral.org.br\/index.php?rest_route=%2Fwp%2Fv2%2Fcomments&post=314"}],"version-history":[{"count":3,"href":"https:\/\/gomeral.org.br\/index.php?rest_route=\/wp\/v2\/pages\/314\/revisions"}],"predecessor-version":[{"id":320,"href":"https:\/\/gomeral.org.br\/index.php?rest_route=\/wp\/v2\/pages\/314\/revisions\/320"}],"up":[{"embeddable":true,"href":"https:\/\/gomeral.org.br\/index.php?rest_route=\/wp\/v2\/pages\/36"}],"wp:attachment":[{"href":"https:\/\/gomeral.org.br\/index.php?rest_route=%2Fwp%2Fv2%2Fmedia&parent=314"}],"curies":[{"name":"wp","href":"https:\/\/api.w.org\/{rel}","templated":true}]}}